{"id":9514,"date":"2022-12-19T11:03:26","date_gmt":"2022-12-19T10:03:26","guid":{"rendered":"https:\/\/www.vannerie.com\/pro\/boutique\/non%20class\u00e9\/claie-a-porter-pour-comptoir\/"},"modified":"2024-02-22T10:57:39","modified_gmt":"2024-02-22T09:57:39","slug":"claie-a-porter-pour-comptoir","status":"publish","type":"product","link":"https:\/\/www.vannerie.com\/pro\/boutique\/professionnel\/boulangerie-traditionnelle\/presentation-baguettes-pains-longs\/claie-a-porter-pour-comptoir\/","title":{"rendered":"Claie \u00e0\u00a0porter pour comptoir"},"content":{"rendered":"<p>Panier en osier utilis\u00e9 par les boulangers pour transporter ou pr\u00e9senter le pain.<\/p>\n<p>Dimensions disponibles :<\/p>\n<ul>\n<li>D.15 x H.40 cm<\/li>\n<li>D.20 x H.30 cm<\/li>\n<li>D.20 x H.40 cm<\/li>\n<li>D.20 x H.50 cm<\/li>\n<li>D.25 x H.50 cm<\/li>\n<li>D.25 x H.60 cm<\/li>\n<li>D.30 x H.50 cm<\/li>\n<li>D.30 x H.60 cm<\/li>\n<\/ul>\n","protected":false},"excerpt":{"rendered":"<p>Panier en osier utilis\u00e9 par les boulangers pour transporter ou pr\u00e9senter le pain. Dimensions disponibles : D.15 x H.40 cm D.20 x H.30 cm D.20 x H.40 cm D.20 x H.50 cm D.25 x H.50 cm D.25 x H.60 cm D.30 x H.50 cm D.30 x H.60 cm<\/p>\n","protected":false},"featured_media":15497,"template":"","meta":{"_acf_changed":false},"product_brand":[],"product_cat":[45,43,36,67,47,42,39],"product_tag":[],"class_list":{"0":"post-9514","1":"product","2":"type-product","3":"status-publish","4":"has-post-thumbnail","6":"product_cat-boulangerie-traditionnelle","7":"product_cat-hotellerie-restauration","8":"product_cat-particulier","9":"product_cat-presentation-baguettes-pains-longs","10":"product_cat-presentation-buffets-petits-dejeuner-dejeuner-traiteur-viennoiserie-sandwiches","11":"product_cat-professionnel","12":"product_cat-vannerie-traditionnelle","14":"first","15":"instock","16":"taxable","17":"shipping-taxable","18":"purchasable","19":"product-type-variable","20":"has-default-attributes"},"acf":[],"yoast_head":"<!-- This site is optimized with the Yoast SEO plugin v26.9 - https:\/\/yoast.com\/product\/yoast-seo-wordpress\/ -->\n<title>Claie \u00e0\u00a0porter pour comptoir - Vannerie Pro<\/title>\n<meta name=\"description\" content=\"Claie \u00e0 porter ou porteuse en osier pour la pr\u00e9sentation sur le comptoir en Boulangerie - Fabrication fran\u00e7aise depuis 1849\" \/>\n<meta name=\"robots\" content=\"index, follow, max-snippet:-1, max-image-preview:large, max-video-preview:-1\" \/>\n<link rel=\"canonical\" href=\"https:\/\/www.vannerie.com\/pro\/boutique\/professionnel\/boulangerie-traditionnelle\/presentation-baguettes-pains-longs\/claie-a-porter-pour-comptoir\/\" \/>\n<meta property=\"og:locale\" content=\"fr_FR\" \/>\n<meta property=\"og:type\" content=\"article\" \/>\n<meta property=\"og:title\" content=\"Claie \u00e0\u00a0porter pour comptoir - Vannerie Pro\" \/>\n<meta property=\"og:description\" content=\"Claie \u00e0 porter ou porteuse en osier pour la pr\u00e9sentation sur le comptoir en Boulangerie - Fabrication fran\u00e7aise depuis 1849\" \/>\n<meta property=\"og:url\" content=\"https:\/\/www.vannerie.com\/pro\/boutique\/professionnel\/boulangerie-traditionnelle\/presentation-baguettes-pains-longs\/claie-a-porter-pour-comptoir\/\" \/>\n<meta property=\"og:site_name\" content=\"Vannerie Pro\" \/>\n<meta property=\"article:modified_time\" content=\"2024-02-22T09:57:39+00:00\" \/>\n<meta property=\"og:image\" content=\"https:\/\/www.vannerie.com\/pro\/wp-content\/uploads\/sites\/4\/2022\/12\/338NOUV.jpg\" \/>\n\t<meta property=\"og:image:width\" content=\"667\" \/>\n\t<meta property=\"og:image:height\" content=\"1138\" \/>\n\t<meta property=\"og:image:type\" content=\"image\/jpeg\" \/>\n<meta name=\"twitter:card\" content=\"summary_large_image\" \/>\n<meta name=\"twitter:label1\" content=\"Dur\u00e9e de lecture estim\u00e9e\" \/>\n\t<meta name=\"twitter:data1\" content=\"1 minute\" \/>\n<script type=\"application\/ld+json\" class=\"yoast-schema-graph\">{\"@context\":\"https:\/\/schema.org\",\"@graph\":[{\"@type\":\"WebPage\",\"@id\":\"https:\/\/www.vannerie.com\/pro\/boutique\/professionnel\/boulangerie-traditionnelle\/presentation-baguettes-pains-longs\/claie-a-porter-pour-comptoir\/\",\"url\":\"https:\/\/www.vannerie.com\/pro\/boutique\/professionnel\/boulangerie-traditionnelle\/presentation-baguettes-pains-longs\/claie-a-porter-pour-comptoir\/\",\"name\":\"Claie \u00e0\u00a0porter pour comptoir - Vannerie Pro\",\"isPartOf\":{\"@id\":\"http:\/\/vannerie.com\/pro\/#website\"},\"primaryImageOfPage\":{\"@id\":\"https:\/\/www.vannerie.com\/pro\/boutique\/professionnel\/boulangerie-traditionnelle\/presentation-baguettes-pains-longs\/claie-a-porter-pour-comptoir\/#primaryimage\"},\"image\":{\"@id\":\"https:\/\/www.vannerie.com\/pro\/boutique\/professionnel\/boulangerie-traditionnelle\/presentation-baguettes-pains-longs\/claie-a-porter-pour-comptoir\/#primaryimage\"},\"thumbnailUrl\":\"https:\/\/www.vannerie.com\/pro\/wp-content\/uploads\/sites\/4\/2022\/12\/338NOUV.jpg\",\"datePublished\":\"2022-12-19T10:03:26+00:00\",\"dateModified\":\"2024-02-22T09:57:39+00:00\",\"description\":\"Claie \u00e0 porter ou porteuse en osier pour la pr\u00e9sentation sur le comptoir en Boulangerie - Fabrication fran\u00e7aise depuis 1849\",\"breadcrumb\":{\"@id\":\"https:\/\/www.vannerie.com\/pro\/boutique\/professionnel\/boulangerie-traditionnelle\/presentation-baguettes-pains-longs\/claie-a-porter-pour-comptoir\/#breadcrumb\"},\"inLanguage\":\"fr-FR\",\"potentialAction\":[{\"@type\":\"ReadAction\",\"target\":[\"https:\/\/www.vannerie.com\/pro\/boutique\/professionnel\/boulangerie-traditionnelle\/presentation-baguettes-pains-longs\/claie-a-porter-pour-comptoir\/\"]}]},{\"@type\":\"ImageObject\",\"inLanguage\":\"fr-FR\",\"@id\":\"https:\/\/www.vannerie.com\/pro\/boutique\/professionnel\/boulangerie-traditionnelle\/presentation-baguettes-pains-longs\/claie-a-porter-pour-comptoir\/#primaryimage\",\"url\":\"https:\/\/www.vannerie.com\/pro\/wp-content\/uploads\/sites\/4\/2022\/12\/338NOUV.jpg\",\"contentUrl\":\"https:\/\/www.vannerie.com\/pro\/wp-content\/uploads\/sites\/4\/2022\/12\/338NOUV.jpg\",\"width\":667,\"height\":1138},{\"@type\":\"BreadcrumbList\",\"@id\":\"https:\/\/www.vannerie.com\/pro\/boutique\/professionnel\/boulangerie-traditionnelle\/presentation-baguettes-pains-longs\/claie-a-porter-pour-comptoir\/#breadcrumb\",\"itemListElement\":[{\"@type\":\"ListItem\",\"position\":1,\"name\":\"Accueil\",\"item\":\"http:\/\/vannerie.com\/pro\/\"},{\"@type\":\"ListItem\",\"position\":2,\"name\":\"Boutique\",\"item\":\"http:\/\/vannerie.com\/pro\/boutique\/\"},{\"@type\":\"ListItem\",\"position\":3,\"name\":\"Claie \u00e0\u00a0porter pour comptoir\"}]},{\"@type\":\"WebSite\",\"@id\":\"http:\/\/vannerie.com\/pro\/#website\",\"url\":\"http:\/\/vannerie.com\/pro\/\",\"name\":\"Vannerie Pro\",\"description\":\"Un site utilisant Les sites de Vannerie de Villaines-les-Rochers\",\"potentialAction\":[{\"@type\":\"SearchAction\",\"target\":{\"@type\":\"EntryPoint\",\"urlTemplate\":\"http:\/\/vannerie.com\/pro\/?s={search_term_string}\"},\"query-input\":{\"@type\":\"PropertyValueSpecification\",\"valueRequired\":true,\"valueName\":\"search_term_string\"}}],\"inLanguage\":\"fr-FR\"}]}<\/script>\n<!-- \/ Yoast SEO plugin. -->","yoast_head_json":{"title":"Claie \u00e0\u00a0porter pour comptoir - Vannerie Pro","description":"Claie \u00e0 porter ou porteuse en osier pour la pr\u00e9sentation sur le comptoir en Boulangerie - Fabrication fran\u00e7aise depuis 1849","robots":{"index":"index","follow":"follow","max-snippet":"max-snippet:-1","max-image-preview":"max-image-preview:large","max-video-preview":"max-video-preview:-1"},"canonical":"https:\/\/www.vannerie.com\/pro\/boutique\/professionnel\/boulangerie-traditionnelle\/presentation-baguettes-pains-longs\/claie-a-porter-pour-comptoir\/","og_locale":"fr_FR","og_type":"article","og_title":"Claie \u00e0\u00a0porter pour comptoir - Vannerie Pro","og_description":"Claie \u00e0 porter ou porteuse en osier pour la pr\u00e9sentation sur le comptoir en Boulangerie - Fabrication fran\u00e7aise depuis 1849","og_url":"https:\/\/www.vannerie.com\/pro\/boutique\/professionnel\/boulangerie-traditionnelle\/presentation-baguettes-pains-longs\/claie-a-porter-pour-comptoir\/","og_site_name":"Vannerie Pro","article_modified_time":"2024-02-22T09:57:39+00:00","og_image":[{"width":667,"height":1138,"url":"https:\/\/www.vannerie.com\/pro\/wp-content\/uploads\/sites\/4\/2022\/12\/338NOUV.jpg","type":"image\/jpeg"}],"twitter_card":"summary_large_image","twitter_misc":{"Dur\u00e9e de lecture estim\u00e9e":"1 minute"},"schema":{"@context":"https:\/\/schema.org","@graph":[{"@type":"WebPage","@id":"https:\/\/www.vannerie.com\/pro\/boutique\/professionnel\/boulangerie-traditionnelle\/presentation-baguettes-pains-longs\/claie-a-porter-pour-comptoir\/","url":"https:\/\/www.vannerie.com\/pro\/boutique\/professionnel\/boulangerie-traditionnelle\/presentation-baguettes-pains-longs\/claie-a-porter-pour-comptoir\/","name":"Claie \u00e0\u00a0porter pour comptoir - Vannerie Pro","isPartOf":{"@id":"http:\/\/vannerie.com\/pro\/#website"},"primaryImageOfPage":{"@id":"https:\/\/www.vannerie.com\/pro\/boutique\/professionnel\/boulangerie-traditionnelle\/presentation-baguettes-pains-longs\/claie-a-porter-pour-comptoir\/#primaryimage"},"image":{"@id":"https:\/\/www.vannerie.com\/pro\/boutique\/professionnel\/boulangerie-traditionnelle\/presentation-baguettes-pains-longs\/claie-a-porter-pour-comptoir\/#primaryimage"},"thumbnailUrl":"https:\/\/www.vannerie.com\/pro\/wp-content\/uploads\/sites\/4\/2022\/12\/338NOUV.jpg","datePublished":"2022-12-19T10:03:26+00:00","dateModified":"2024-02-22T09:57:39+00:00","description":"Claie \u00e0 porter ou porteuse en osier pour la pr\u00e9sentation sur le comptoir en Boulangerie - Fabrication fran\u00e7aise depuis 1849","breadcrumb":{"@id":"https:\/\/www.vannerie.com\/pro\/boutique\/professionnel\/boulangerie-traditionnelle\/presentation-baguettes-pains-longs\/claie-a-porter-pour-comptoir\/#breadcrumb"},"inLanguage":"fr-FR","potentialAction":[{"@type":"ReadAction","target":["https:\/\/www.vannerie.com\/pro\/boutique\/professionnel\/boulangerie-traditionnelle\/presentation-baguettes-pains-longs\/claie-a-porter-pour-comptoir\/"]}]},{"@type":"ImageObject","inLanguage":"fr-FR","@id":"https:\/\/www.vannerie.com\/pro\/boutique\/professionnel\/boulangerie-traditionnelle\/presentation-baguettes-pains-longs\/claie-a-porter-pour-comptoir\/#primaryimage","url":"https:\/\/www.vannerie.com\/pro\/wp-content\/uploads\/sites\/4\/2022\/12\/338NOUV.jpg","contentUrl":"https:\/\/www.vannerie.com\/pro\/wp-content\/uploads\/sites\/4\/2022\/12\/338NOUV.jpg","width":667,"height":1138},{"@type":"BreadcrumbList","@id":"https:\/\/www.vannerie.com\/pro\/boutique\/professionnel\/boulangerie-traditionnelle\/presentation-baguettes-pains-longs\/claie-a-porter-pour-comptoir\/#breadcrumb","itemListElement":[{"@type":"ListItem","position":1,"name":"Accueil","item":"http:\/\/vannerie.com\/pro\/"},{"@type":"ListItem","position":2,"name":"Boutique","item":"http:\/\/vannerie.com\/pro\/boutique\/"},{"@type":"ListItem","position":3,"name":"Claie \u00e0\u00a0porter pour comptoir"}]},{"@type":"WebSite","@id":"http:\/\/vannerie.com\/pro\/#website","url":"http:\/\/vannerie.com\/pro\/","name":"Vannerie Pro","description":"Un site utilisant Les sites de Vannerie de Villaines-les-Rochers","potentialAction":[{"@type":"SearchAction","target":{"@type":"EntryPoint","urlTemplate":"http:\/\/vannerie.com\/pro\/?s={search_term_string}"},"query-input":{"@type":"PropertyValueSpecification","valueRequired":true,"valueName":"search_term_string"}}],"inLanguage":"fr-FR"}]}},"_links":{"self":[{"href":"https:\/\/www.vannerie.com\/pro\/wp-json\/wp\/v2\/product\/9514","targetHints":{"allow":["GET"]}}],"collection":[{"href":"https:\/\/www.vannerie.com\/pro\/wp-json\/wp\/v2\/product"}],"about":[{"href":"https:\/\/www.vannerie.com\/pro\/wp-json\/wp\/v2\/types\/product"}],"wp:featuredmedia":[{"embeddable":true,"href":"https:\/\/www.vannerie.com\/pro\/wp-json\/wp\/v2\/media\/15497"}],"wp:attachment":[{"href":"https:\/\/www.vannerie.com\/pro\/wp-json\/wp\/v2\/media?parent=9514"}],"wp:term":[{"taxonomy":"product_brand","embeddable":true,"href":"https:\/\/www.vannerie.com\/pro\/wp-json\/wp\/v2\/product_brand?post=9514"},{"taxonomy":"product_cat","embeddable":true,"href":"https:\/\/www.vannerie.com\/pro\/wp-json\/wp\/v2\/product_cat?post=9514"},{"taxonomy":"product_tag","embeddable":true,"href":"https:\/\/www.vannerie.com\/pro\/wp-json\/wp\/v2\/product_tag?post=9514"}],"curies":[{"name":"wp","href":"https:\/\/api.w.org\/{rel}","templated":true}]}}